. Determine k(f).
14
Let j(g) be the first derivative of g**4/4 - g**3/3 - 5*g**2/2 + g + 206. Determine j(3).
4
Suppose 1 = 8*z - 15. Let n(a) = 2*a**3 + 3*a**2 - 4*a + 2. Determine n(z).
22
Suppose 0 = -2*b - 2, p = -0*p + 3*b + 6. Let u(l) = 3 + 2*l**p + 0*l**3 + 0*l + 3*l. Let i = 20 - 22. Calculate u(i).
-19
Let p(f) be the second derivative of -1/20*f**5 - 3/4*f**4 + 5*f**2 + 38*f - 4/3*f**3 + 0. Give p(-8).
10
Let u(s) = -3*s**2 - s + 1. Let r(b) = -7*b**2 - 3*b + 4. Let j(g) = r(g) - 4*u(g). Give j(1).
6
Let c(v) = 0*v**2 - 11*v**3 + 10*v**3 + 8 + 6*v**2 - 10 - 5*v. Let h(u) = -2*u + 15. Let n be h(5). Determine c(n).
-2
Suppose 5*i - 3 = 4*f + 6, -2*f + 2*i - 2 = 0. Suppose 8*z = f*z + 24. Let b(y) = 0*y**2 + z*y + 2*y**2 - 3*y**2 - 1. What is b(4)?
7
Let c(a) = -4*a + 14. Let o = -1073 + 1058. Calculate c(o).
74
Let a be (-2 - (-6)/(-3))/(3 + -5). Let j(y) = -166 + 6*y**2 - y**a - y**2 - 2*y + 165. Let g(k) = -k - 4. Let f be g(-3). Give j(f).
5
Let c(f) = -f**3 + 6*f**2 - f + 3. Let w = 2 - -1. Let y(n) = n**3 - n**2 - 3*n - 3. Let v be y(w). What is c(v)?
-3
Let j(u) = 5 + 3*u + 3 - 3 - 417*u**2 + 416*u**2 - 2*u. Let f(x) = x**3 - 7*x**2 + x - 3. Let h be f(7). Calculate j(h).
-7
Let g(r) = 2*r + 2. Let p be g(-3). Let w(v) = 0*v + 7 - v**2 - 2 - 2*v. What is w(p)?
-3
Let x(g) be the first derivative of g**4/8 - g**3 + g**2/2 + 2. Let r(w) be the second derivative of x(w). Let o(d) = 26*d + 108. Let l be o(-4). Give r(l).
6
Let b(l) = l**3 + 7*l**2 + 10*l - 1. Suppose -o + 2*o + 5 = 0. Let d be b(o). Let y(c) = 6*c**2 - c. Determine y(d).
7
Let n(x) = x**2 - 3*x**2 + 0*x - 7*x - 2*x**2 + x**3 + 2*x + 5. What is n(5)?
5
Let y(z) be the third derivative of 0 + 0*z - 1/6*z**4 + 1/2*z**3 + 20*z**2 + 0*z**5 + 1/60*z**6. What is y(2)?
11
Let l(o) = o**2 - 8*o + 1. Suppose -4*b - 102 = -21*b. What is l(b)?
-11
Let x(o) be the second derivative of -5*o - 1/2*o**3 - 1/12*o**4 + 0 - 1/2*o**2 + 1/20*o**5. Determine x(3).
8
Let s(n) = -n**2 - 6*n + 18. Let f be s(2). Let z(m) = -2*m - 4. Calculate z(f).
-8
Suppose -3*i + 12 = 5*a + i, 4 = 2*a + 2*i. Let r be 6/a*(-16)/(-6). Let d(p) = r*p - p - 6 + 2*p + 7. Determine d(-1).
-4
Let b(a) be the second derivative of a**3/2 - a**2/2 + 217*a. What is b(-8)?
-25
Let n(v) = -v**3 - 3*v**2 + 5*v - 1. Suppose -6 = l + 4*t, 4*l + l = -t + 65. Let g(a) = -3*a + 38. Let f be g(l). Determine n(f).
-5
Suppose k + 4 + 2 = 0. Let f(d) = -4 + 17 - 7 + 3 + 3*d. What is f(k)?
-9
Let q(o) be the second derivative of -o**7/840 - o**6/360 + o**5/60 - o**4/24 - 17*o**3/6 + 15*o - 2. Let w(f) be the second derivative of q(f). What is w(-3)?
11
Let d be (72/20)/((-10)/(-25)) + -4. Let b(v) = -32*v**2 + v**3 + 1 - d*v + 7 + 63*v**2 - 26*v**2. Determine b(-6).
2
Let v(s) = s**2 - 10*s - 8. Let m(i) = i**3 + 8*i**2 + 2*i - 9. Let y be m(-6). Suppose 5*o - y = -2*n, -2*o + 12 = 5*n - 0*n. Calculate v(o).
3
Suppose 5*u + 2*f = 8, 0 = -0*u + 4*u - 3*f - 11. Let p(z) = -9*z**2 - 6*z - 6. Let v(y) = -15*y**2 - 10*y - 11. Let x(k) = -7*p(k) + 4*v(k). Determine x(u).
14
Let l(b) = -3*b**2 + 5*b + b**3 + 3 - 2*b**2 - 2*b**2. Suppose 32 - 14 = 2*n. Suppose 0 = 3*d + n, 0*x + 3 = x + d. Determine l(x).
-3
Let f(k) = -4*k + 3. Let o = 126 + -124. Determine f(o).
-5
Let s(q) = 4*q**3 - q**2 - q + 1. Let n be s(1). Suppose 0 = 2*b + 2*h - 10, -b = -2*h + n + 1. Let d(v) = -2*v - 25*v**2 - 6 + 24*v**b - 7*v. What is d(-7)?
8
Let v be 10/3*(-18)/(-12). Suppose 3*a + 0*a - 4*o = 35, -a + 18 = v*o. Let r = 7 - a. Let h(i) = i**2 + 4*i - 8. What is h(r)?
4
Let a(c) = c**2 + 5*c - 8. Let k(o) = 17*o + 232. Let z be k(-14). Give a(z).
-2
Let s(p) = -2*p - 12. Let t(k) = 4*k + 23. Let q(o) = -7*s(o) - 4*t(o). Let l be (-9 - (2 + -13))/((-2)/3) - 3. Give q(l).
4
Let m = -19 - -27. Suppose m = 4*z - 8. Let o(t) = -3*t + 5. What is o(z)?
-7
Let h(l) = 5*l**3 - 12*l**2 - 9*l + 4. Let x(n) = 14*n**3 - 35*n**2 - 25*n + 11. Let v(u) = -11*h(u) + 4*x(u). Calculate v(8).
-8
Let q(f) be the first derivative of f**3/3 - f**2/2 + 9*f + 3. Let j(t) = -t**2 - t + 56. Let k be j(7). Give q(k).
9
Let d(p) = p**2 + 9*p + 2. Suppose 10*v + 48 + 52 = 0. Determine d(v).
12
Let p be (-340)/(-765)*(-9)/(-2). Let t(s) = -10*s**2 - 1. Give t(p).
-41
Let h = -13 + 20. Let r = -107 - -122. Let x(b) = 8*b**2 - 4*b**3 - 12*b**3 + r*b**3 - 6*b - 8. Determine x(h).
-1
Let j(y) = y**3 - 3*y**2 + 3*y - 2. Let l = -7 + 9. Let w be j(l). Suppose w = a - 3. Let q(n) = -n + 4. Calculate q(a).
1
Let q(p) = -2*p - 4. Suppose -141 = -14*m + 11*m. Let g = 44 - m. Determine q(g).
2
Let g(i) = -i**2 + 6*i + 7. Suppose 0 = 5*l + 5*s - 65, 2 = 2*l - 0*l - 4*s. Determine g(l).
-20
Let v(d) = 1 - 28*d**2 + 49*d**2 - 2*d - 19*d**2. Determine v(2).
5
Let h(d) = 34*d + 1251. Let r be h(-37). Let w(u) be the third derivative of -u**6/120 - u**5/10 + 7*u**4/24 + 2*u**3/3 - u**2. Give w(r).
4
Let q(f) = -30*f + 16*f - 4 + 18*f. Determine q(1).
0
Let b(d) be the third derivative of -d**4/12 - d**3/6 - 174*d**2. Let c = -12 + 15. What is b(c)?
-7
Let l(g) = -67*g - 13. Let b(v) = -17*v - 3. Let m(o) = -9*b(o) + 2*l(o). Let w = 25 - 9. Suppose f + 3*f + w = 0, 0 = -4*j - 2*f - 12. What is m(j)?
-18
Let o(a) = a**3 + 5*a**2 + 4*a + 1. Let b be 21*((-9)/(-27))/(2/(-28)). Let m = b + 94. Give o(m).
1
Let l(p) = -p**2 - 8*p - 7. Let k = 363 + -371. Calculate l(k).
-7
Let p(o) be the second derivative of o**4/3 + o**3/2 - 37*o**2/2 + 17*o. Let f(z) = 3*z**2 + 2*z - 25. Let b(c) = 7*f(c) - 5*p(c). Give b(0).
10
Let u(d) be the second derivative of d**4/12 + 4*d**3/3 - 23*d**2/2 + 76*d. What is u(-10)?
-3
Let y(r) = -r**2 - 3*r + 3. Let j be -3 - 15*(-10)/5. Suppose p + 10 = -3*u + 1, 5*p = 3*u + j. Determine y(u).
-1
Let v(f) = f**2. Let q(l) = 3*l**2 + 2*l + 11. Let g(r) = -q(r) + 4*v(r). Let s be g(4). Let c(o) = 3*o - 3. What is c(s)?
-12
Let m(x) = x**2 + 2. Suppose 5*c = -408 + 418. Calculate m(c).
6
Let o(q) = 6*q. Suppose 5*r - 5*b - 45 = -5, -20 = -5*r + b. Give o(r).
18
Suppose -3*o - 5*k = -2*k, 0 = 4*o - 4*k - 40. Let w = o - 5. Suppose 7*h - 10*h - 12 = w. Let x(j) = -j**2 - 3*j - 2. Calculate x(h).
-6
Suppose -41*y = -141 - 105. Let s(c) = c**2 - 8*c + 31. What is s(y)?
19
Suppose -c + 20 = 25*m - 28*m, -2*m - 16 = 2*c. Let p(d) = d**3 + 7*d**2 + 2. Calculate p(m).
2
Let a(k) = -k**3 + 5*k**2 + 8*k - 1. Suppose 2*v + 4 = 10, 0 = -2*o + v + 9. Calculate a(o).
11
Let m(w) = w. Suppose 6 = -2*h + 4, q - 3*h - 2 = 0. Let v(k) = -k**2 + k. Let f(o) = q*m(o) + 2*v(o). Calculate f(-2).
-10
Let s(u) = -u**3 + 27*u**2 + 58*u + 3. Let m be s(29). Let a be ((-2)/(-4))/((-1)/(-12)). Let f(v) = 7*v**2 + v**3 + 0*v**m + v - a*v**2. Give f(0).
0
Let h(z) = -z + 1. Suppose -3*f + 2*g - 5 = 0, 2*f = -3*g + 3 - 2. Let s be f/(-7) + 228/(-28). Give h(s).
9
Let x = 1529 + -1529. Let m(g) be the second derivative of -g**2 + 0*g**3 + x + 8*g - 1/12*g**4. Calculate m(2).
-6
Let r(n) = 3*n**2 + 5 - 4 + n - 2*n**2. Let d be ((-13)/26)/((-3)/2 + 2). What is r(d)?
1
Let u(x) = -8 + 5 - x**3 + 1 - 305*x**2 - 16*x + 320*x**2. Determine u(14).
-30
Let u(p) = -p**3 + 12*p**2 + 2*p - 25. Suppose 0 = 66*n - 68*n + o + 19, 2*n = -3*o + 39. Give u(n).
-1
Let d(j) = 4*j**2 + 7*j + 4 - 4*j**2 + 2*j**2 - 8 - 3*j**2. Let l be (4/(-2))/((-4)/14). Determine d(l).
-4
Let p be (4/10)/(6/120). Let o(u) = u**2 - 9*u + 19. Let v be o(p). Let s = -11 + v. Let l(w) = w**2 - w + 19. Give l(s).
19
Let t(y) be the second derivative of 0*y**2 + 0 + 36*y - 1/3*y**3. Calculate t(-3).
6
Let d(s) = s**2 - 7*s + 6. Suppose 80 = -18*f + 34*f. Determine d(f).
-4
Suppose 3*h - 30*h = -135. Let q(p) = -p + 17. What is q(h)?
12
Suppose -11 - 4 = -5*p. Let j(g) = g**2 + 1. Let c(z) = 7*z**2 - z + 2. Suppose -2 = -5*v + 3. Let d(n) = v*c(n) - 5*j(n). What is d(p)?
12
Let x(g) = -11*g - 2. Let c = -487 + 486. Calculate x(c).
9
Let k(h) = h**3 + 18*h**2 + 18*h + 37. Let l be k(-17). Let t(q) = 6 - q**3 - 26*q + l*q + 5*q**2 + 0*q**2. Determine t(4).
-2
Let f(n) = 0*n - 11 + 10 - n**3 + n + 0*n**3. Let a be f(0). Let j(h) = -19 - 19 + 9*h + 61 - 24. What is j(a)?
-10
Let d(r) = -r**3 + 7*r**2 - 7*r + 2. Suppose 84 = 2*y - 4*q, 6*q + 222 = 5*y + 2*q. Let f = 52 - y. Determine d(f).
-4
Let y(n) be the first derivative of 15 - 1/4*n**4 + 3*n**3 + 0*n**